- 14 + 33 - 6 - 5*x**2. Calculate h(7).
6
Let c(b) = -20*b**3 + 11*b**2. Let t(j) = j**2 + 13*j + 25. Let s be t(-7). Let r(n) = 7*n**3 - 4*n**2. Let g(y) = s*r(y) - 6*c(y). Give g(-2).
0
Let j(r) = -r**2 + 7*r + 36. Let y be j(11). Let x(o) = -o + 10. What is x(y)?
18
Let i(y) be the first derivative of y**2/2 - 5*y + 648. Suppose -4*n - 8 = 3*a - a, 0 = -4*a + 2*n + 4. Calculate i(a).
-5
Let q(u) = 3*u**2 + 3*u**2 + 0 + 8*u**2 - 11*u + u**3 - 10 - 5*u**2. Give q(-10).
0
Suppose -3*r = 5*i + 39, -5*r - 37 = -2*i + i. Let l be r/(-5) + (-3)/5. Let b(h) = 13*h - 7. Let f(t) = -12*t + 6. Let x(n) = -5*b(n) - 6*f(n). Calculate x(l).
6
Let x(y) = y**3 - y. Let m = 12 + -29. Let u = m - -27. Suppose 2*o + 3*n - 8*n + 6 = 0, 0 = -5*n + u. Give x(o).
6
Let l = 4 - 4. Suppose l = 2*r + 2*r - 12. Let u(j) = 5*j - 13 + 3 + r - 2*j. Calculate u(5).
8
Let b(d) be the first derivative of d**3/3 - 5*d**2/2 - 15. Suppose 0*o = -o + 16. Suppose -u = 2*u - 2*w - o, 3*u - 13 = 5*w. What is b(u)?
6
Let h(v) = -2601 - 3*v + 2593 - v. Calculate h(-7).
20
Let b(f) = f - 11. Let d = 49 + -25. Let y be 12/7 - d/(-84). Suppose -s - 1 = -y*o - 7, -9 = -5*s + 3*o. Calculate b(s).
-11
Let z(j) = 2*j**3 - 12*j**2 + 12. Let m(l) = l**3 - 6*l**2 + 5. Let g(i) = 5*m(i) - 2*z(i). Determine g(4).
-31
Let j = 9 + -13. Let p(m) = m - 5. Let h(x) = -x + 6. Let b(r) = j*p(r) - 3*h(r). What is b(-6)?
8
Suppose -14*m = -19*m + 20. Let c(f) be the third derivative of -11*f**2 - 1/8*f**m + 0*f + 0 + 1/3*f**3 - 1/60*f**5. Calculate c(2).
-8
Let v(p) = -5*p**3 + 2*p**2 + 2*p + 1. Let g be (-2)/(-9) + (-99)/81. Let a be v(g). Let i(u) be the first derivative of -u**2/2 - u - 1. Determine i(a).
-7
Let t = 25 - 30. Let c(y) = -7*y**3 + 0*y + 4*y**3 - 5 + 3*y + 2*y**3 - 4*y**2. Give c(t).
5
Let x(k) be the third derivative of -k**6/120 - 13*k**5/60 - 13*k**4/24 - 7*k**3/3 - 11*k**2. Calculate x(-12).
-2
Let d(x) = -2 + 4*x + 15 - 5*x. Suppose 2*r - h = 25, 2*r - 61 = 5*h - 16. Calculate d(r).
3
Let y(n) = n**2 + 6*n + 6. Let m be y(-5). Let r(u) be the third derivative of -u**4/2 - 7*u**2. What is r(m)?
-12
Suppose j = -0*j + 3*g - 24, 3*g = 6. Let b = 21 + j. Let v(c) = 8*c**2 + c**b - 14*c**2 + 3*c + 0*c**3 + 3. Give v(5).
-7
Let g be (-10)/4 + 1/2. Let o(z) = -2*z**2 - 2*z + 1 + 8169*z**3 - 8170*z**3 - 1. Calculate o(g).
4
Let p be 4*1/4*2. Let r(w) = -3*w - 5 - 3*w**2 + 0*w**p + 0*w**2 + 0. Let t(a) = -16*a**2 - 14*a - 25. Let j(z) = 11*r(z) - 2*t(z). Give j(-4).
-1
Let t(o) = -o**3 - 9*o**2 - o + 11. Suppose 2*i + 5*x = i + 1, 2*x - 4 = 0. Give t(i).
20
Let m(t) = -10 + 5*t - 3*t - t + 10. Calculate m(-3).
-3
Let t(x) = 4*x**3 + 2*x**2 + x - 5. Let c = 45 + -47. Let v(j) = 3*j**3 + 2*j**2 + j - 4. Let u(s) = c*t(s) + 3*v(s). What is u(-3)?
-14
Let a(y) = -y**3 + 4*y**2 - 2*y - 5. Let d be a(4). Let r be ((-8)/(-2))/4*d. Let v = -13 - r. Let l(o) = o + 8. Calculate l(v).
8
Let b(a) be the third derivative of -a**7/840 - a**6/72 + a**4/6 + 5*a**3/3 + 3*a**2. Let l(f) be the first derivative of b(f). Give l(-5).
4
Let b(t) be the second derivative of -t**4/12 + 2*t**3 - t**2 - t - 2. Give b(10).
18
Let m(f) = -15*f - 5. Let n(c) = 0 + 5 - 7*c - 7. Let q(i) = 2*m(i) - 5*n(i). Calculate q(-2).
-10
Suppose 0 = -3*k + 4*k - 2. Let z(l) = 7*l + k*l - 6*l - 1. Calculate z(-1).
-4
Suppose -5 = -4*t + 3. Suppose 3*f - 7 = -l, -t*f - 5*l + 14 = -2*l. Let q(z) be the second derivative of z**3/6 - z**2/2 + z. What is q(f)?
0
Let t(x) be the second derivative of x**3/6 - 3*x**2/2 - 10*x + 2. Determine t(10).
7
Let l(m) = m**2 - 9*m + 7. Suppose -94 = 5*v - 2*p - 533, -2*p = 4. Let r = -79 + v. Give l(r).
-1
Let x be 1*2 + ((-28)/(-7))/4. Let w(y) = 2*y**3 - y**2 + 0*y**2 + 13*y**3 + y**x. What is w(1)?
15
Let m(q) = -q - 5. Let v = -585 - -577. Let y = -9 - 7. Let a be (-60)/v*y/20. What is m(a)?
1
Let a(m) = 2*m - 7. Let f = 31 + -46. Let x = -11 - f. Let c be x + 1 - 10/(-10). What is a(c)?
5
Let g(x) = -x**3 + 3*x**2 - 8*x + 32. Let j be g(3). Let d(u) = -3*u + 18. Calculate d(j).
-6
Let f(m) = m**3 - 5*m**2 + 4*m - 6. Let g(a) be the second derivative of a**5/20 - 5*a**4/12 + 4*a**3/3 - a**2 - 13*a. Let s be g(3). Give f(s).
-6
Suppose -45 = 4*h - 1. Let o(c) = -c**3 - 11*c**2 - 7. Give o(h).
-7
Let u(a) = 3*a + 8. Let f(t) = -3*t - 2. Let v(n) = -3*f(n) - 2*u(n). Calculate v(4).
2
Let y = -756 - -754. Let v(l) = l**2 + 4*l + 3. Give v(y).
-1
Let k(d) be the second derivative of 1/6*d**3 + 1/2*d**2 + 0 + 4*d - 1/12*d**4. Let t be 1*(-1)/(1/(-2)). What is k(t)?
-1
Let v(z) = -z**2 - 3*z**2 + 9*z**2 - 2. Suppose 2*i - s = 24, -2*i + 20 = 5*s - 4*s. Let g = -9 + i. Calculate v(g).
18
Let x = 2 + -1. Let i be (-3)/(x - (-5)/(-2)). Let p(m) = -m**i + 0*m**2 - 7*m - 2 + m**2 - m**2. Give p(-6).
4
Suppose -3*p = -7*p + 36. Suppose 16 = p*r - 5*r. Let g(x) = -2*x + 4. Determine g(r).
-4
Suppose w - 6 = -5. Let a(m) = -2*m + 1 - w - 5. What is a(-5)?
5
Let x(z) be the first derivative of z + z**2 + 14 + 3*z - z + z**3 - z. Determine x(-2).
10
Let v be 256/(-704)*22/(-2). Let c(k) = -2*k + 6. Determine c(v).
-2
Let x = 653 + -658. Let p(n) = 3*n**2 + 3*n + 7. Give p(x).
67
Let o = -316 - -321. Let i(z) = z**2 - 6*z + 9. Give i(o).
4
Let y(l) = -4 + 2*l**2 - 4*l + l - l**2. Let k be 38/8 - 4/(-16). Let v = k - 2. What is y(v)?
-4
Let q(m) = m + 15. Let o = -17 - -62. Suppose 34 = -2*k + 4*d + 8, 4*k - d + o = 0. Give q(k).
4
Let n(c) = 2*c - 5. Let d(m) = -3*m + 5. Let y(b) = -3*d(b) - 4*n(b). Calculate y(3).
8
Let r(g) = -g**2 + 2. Let a be r(0). Let n(z) be the first derivative of -3*z**4/4 + z**3 - z - 19. What is n(a)?
-13
Suppose -4*x + 3*i + 30 = 0, 11*x = 8*x + 2*i + 22. Let y be (2/(-6))/(x/108). Let f(t) = -t**3 - 6*t**2 + 1. Give f(y).
1
Let r(j) = -j**3 + 4*j**2 + j - 2. Let w be r(3). Let u be 8/w*10/4. Let g(d) = -u - 3 + d**2 - 4*d**3 + 1 + 5*d**3. What is g(0)?
-4
Let m(t) be the first derivative of t**6/120 + t**5/120 + 8*t**3 - 39. Let w(x) be the third derivative of m(x). Give w(1).
4
Let l(z) = z**3 + 19*z**2 + 34*z - 9. Suppose 0 = 2*o - 4, 21*p - 20*p + 25 = 4*o. Give l(p).
-9
Let x(k) = 2*k + 3. Suppose z + z = 6. What is x(z)?
9
Suppose r - 2*r - 5 = 0, s - 8 = r. Let q(f) = f**3 + 6*f**2 + 3*f - 4. Let k(b) = -3*b**3 - 13*b**2 - 7*b + 9. Let y(p) = 2*k(p) + 5*q(p). Determine y(s).
10
Let a(o) = -o**3 - 5*o**2 + 7*o - 4. Let b(j) = -j**3 - 2*j**2 - j - 6. Let k be b(-3). Suppose 0 = 3*t - k*t + 27. Let m = 3 - t. Determine a(m).
-10
Let d(x) = x**2 - 2. Let u = 41 + -36. Suppose 10 = -5*r - u. What is d(r)?
7
Suppose 6 = -0*w - w. Suppose 2*s = -n - s + 8, 0 = 3*n + 3*s - 12. Let y(d) = -n*d**3 - 7*d**2 + d**3 + 23 - 24 - 8*d. Determine y(w).
11
Let g(j) = 82*j**3 + 0 - 83*j**3 + 3*j**2 + 2*j**2 - 5 + 4*j + 1. What is g(5)?
16
Let a(z) = 114*z**3 - 3 - 12 - 115*z**3 + 7*z**2 + 8*z + 3. Calculate a(8).
-12
Let c(j) = 6*j**2 + 4*j - 4. Let h be c(-3). Let t be 1/(4 - h/10). Let p = -2 + t. Let s(k) = -k**3 + 4*k**2 - 4*k. Calculate s(p).
-3
Let x(v) = -v**3 - 6*v**2 + 3*v - 1. Suppose 44*z - 47*z = 2*s + 16, -3*z - 26 = 4*s. Determine x(s).
-41
Let r(y) be the third derivative of y**7/840 - y**6/45 + y**5/24 + y**4/3 + 19*y**3/6 + 28*y**2. Let b(o) be the first derivative of r(o). Calculate b(7).
-6
Let n(f) = -f**2 + 5*f - 1. Let b(w) = w**3 + 10*w**2 - 2*w - 18. Let d = -35 - -25. Let o be b(d). Calculate n(o).
5
Let k(h) = h**3 - 12*h**2 - 13*h + 14. Let r be k(13). Let m = r + -12. Let p(x) = -3*x + x**3 + 0*x - 11 + 2 + m*x. What is p(0)?
-9
Let f be 2 + (0/1 - 2). Let n(o) = -o**2 - 1. Let k(a) = 3 + 5*a**2 + a - 7*a**2 + a**2 - 2*a**2. Let j(m) = k(m) - 2*n(m). Give j(f).
5
Suppose 40*g = 5*g - 27*g + 372. Let f(n) be the second derivative of n**5/20 - 5*n**4/12 - 2*n**3/3 - 7*n**2/2 - n. What is f(g)?
5
Suppose 0 = 5*r - 2*a - a, 5*r - a = -10. Let h(u) = u**2 + u + 1. Let j(o) = -o**3 - 3*o**2 - o + 5. Let l(f) = -2*h(f) + j(f). What is l(r)?
-6
Suppose 408*b + 36 = 414*b. Let h(t) = -t**2 + 6*t - 8. Calculate h(b).
-8
Let x(w) = -w**2 - 5*w + 7. Suppose v - 4*u = -0*v - 4, -2*v + 2*u + 4 = 0. Let b(f) = -f**2 + 4*f - f - 2*f + v*f + 9. Let a be b(7). What is x(a)?
7
Suppose 13 - 17 = 4*x, c + 4*x = 2. Let h(s) be the third derivative of -s**2 + 1/12*s**4 + 0 + 0*s - 1/120